. List the prime factors of k.
2, 3, 5, 11, 167
Suppose 382*f + 5514 = 3*y + 379*f, 0 = -f. List the prime factors of y.
2, 919
Let t(l) = -l**3 + 2*l**2 + 2*l - 8. Let y = 35 + -32. Suppose 0*s - 8 = y*n + s, n + 2*s - 4 = 0. List the prime factors of t(n).
2, 5
Let x = 8 - 5. Let k(t) = t**3 - 3*t**2 + 3. Let p be k(x). Suppose 4*q + 3*l - 510 = 0, 139 = 4*q - p*q - 5*l. List the prime factors of q.
3, 43
Suppose a - 3 = -2*y - 4, 5*y - 2*a = 11. What are the prime factors of y*393 + (-213)/71?
2, 3, 5, 13
Let s = -1292 - -2928. Suppose -s = 3*l - 5*f, 2*l + 2*l - f = -2153. What are the prime factors of (l/6)/(5 + (-55)/10)?
179
Let x(k) = 2*k**2 + 4*k + 6*k - 5 - 5*k - 8. Let b be x(-15). Suppose 3*u = -5*d + 456, 4*d - b = -0*d - u. List the prime factors of d.
2, 3, 5
Suppose -2*k = 83*x - 82*x - 24130, -3*x + 48256 = 4*k. List the prime factors of k.
11, 1097
Let d(n) = -4*n**3 - 41*n**2 - 29*n + 28. Let k be d(-16). Suppose -3*p - 3*j + 4761 = 0, -4*p + 25*j - 21*j = -k. What are the prime factors of p?
37, 43
Suppose -112 + 132 = -5*s, -c - 2*s = -1532. What are the prime factors of c?
2, 5, 7, 11
What are the prime factors of 11*17/(-1683) - 49610/(-18)?
2, 13, 53
Suppose -247 - 788 = -9*v. Suppose -4*r + 128 = f, v = 5*r - f - 54. Let o = r + 52. What are the prime factors of o?
5, 17
Let a be 12/(-10)*(-140)/(-21). Let t(x) = x**3 + 11*x**2 - 8. Let j be t(a). Suppose -5*u + j - 39 = 0. List the prime factors of u.
29
Let f = -2217 - -4478. Suppose -7917 - f = -7*r. List the prime factors of r.
2, 727
Let j = -37 - 1. Let g = -20 - j. List the prime factors of 2*(-3)/g - (-93)/9.
2, 5
Let o(h) = -h**3 - 7*h**2 + 17*h + 24. Let c be o(-11). Suppose -30*b + 29*b = -c. List the prime factors of b.
3, 107
Let h(d) = 3*d**2 - 2*d**2 - 5*d**3 - 104*d + 104*d. Suppose 0 = 5*o + 7 - 2. What are the prime factors of h(o)?
2, 3
Suppose -274503 = -11*b + 21881. List the prime factors of b.
2, 421
Let f(d) = -352*d - 142. Let n be f(-4). Suppose -15*p + 13104 = -n. List the prime factors of p.
2, 479
Let w(l) = l**3 + 18*l**2 - 16*l + 4. Suppose 8*y + 15 = -49. What are the prime factors of w(y)?
2, 193
Suppose -96*z - 46088 = -103*z. What are the prime factors of z?
2, 823
Let d(x) = -x**2 + 43. Let z be d(6). Suppose -z*i + 5*b = -3*i - 2348, 2*i + 2*b = 1174. What are the prime factors of i?
587
What are the prime factors of (-9)/(-12) - ((-117753)/4 + -1)?
2, 5, 23
List the prime factors of (-3)/4 - 303615/(-52).
2, 3, 7, 139
Suppose 0 = 5*p + 30 - 20. List the prime factors of 74 - (p + -1 + (-6 - -5)).
2, 3, 13
Suppose -4*u = -u - 12. Let l(p) = -p**3 - 6*p**2 - 5*p - 25. Let z be l(-6). Suppose -u*h - h + w = -1147, -h + 215 = -z*w. What are the prime factors of h?
2, 5, 23
Let m(n) = 2*n**3 - 13*n**2 - 18*n - 44. Let a be m(8). Suppose 2*k = 3*f - 4112, 0 = a*f - 8*f + 2*k + 5484. What are the prime factors of f?
2, 7
Let q = 348 + -371. Let i(k) = 54 + 28 - 3*k - 4. What are the prime factors of i(q)?
3, 7
Suppose 3*a - 2*x - 80744 = 0, -1410*x + 80695 = 3*a - 1405*x. What are the prime factors of a?
2, 3, 5, 13, 23
Suppose 3*k + l = 7*k - 314, 5*l + 322 = 4*k. Suppose 8246 = -k*w + 92*w. List the prime factors of w.
19, 31
Suppose 4*p = -a - 0*p - 24, 21 = -a - 3*p. Let z be (-63)/a - (-5)/(-20). Let i(u) = 12*u - 12. List the prime factors of i(z).
2, 3
Suppose -41*y + 45*y - 242190 = -2*l, -2*l - 14 = 0. List the prime factors of y.
151, 401
Let y = 144733 - 101764. What are the prime factors of y?
3, 14323
Let r = -1439 + 2141. Let s = 1124 - r. List the prime factors of s.
2, 211
Let k = -67 + 128. Let s = k - 59. List the prime factors of ((-3)/s)/((-6)/396).
3, 11
Suppose -32*w + 458493 + 698371 = 0. What are the prime factors of w?
2, 4519
Suppose -8*y + 10*y + 3*m = 11109, -5537 = -y + 2*m. What are the prime factors of y?
3, 43
Suppose r + 15*j - 19*j - 7236 = 0, 2*j + 36198 = 5*r. What are the prime factors of r?
2, 5, 181
Suppose -5*l + m = -175, -2*m = 5*l + 2*m - 175. Let j = l - 14. Suppose -5*t + 611 - j = 0. List the prime factors of t.
2, 59
Let f be -1 + (23 - 2/1). Let a(g) = 10*g**2 + 18 + 0*g + 0*g - f. What are the prime factors of a(2)?
2, 19
Let x(d) = 3*d**2 - 15*d + 17. Suppose -3*g = 3, 17*g + 27 = 3*w + 20*g. What are the prime factors of x(w)?
167
Suppose -9*n + 11*n - 43*n = -353010. List the prime factors of n.
2, 3, 5, 7, 41
Suppose -42451 = -36*m + 18893. Suppose m = 2*l + 2*q, 238 = 5*l - 2*q - 4015. What are the prime factors of l?
23, 37
Let t(m) = -6*m**3 - m**2 + m - 2. Let n be t(-2). Let u(w) = -5 + 4 + 34*w + 9 + n*w. List the prime factors of u(2).
2, 3, 13
Let b be (1 - 4)/((-3)/59). Suppose 4*u = -1195 + b. Let k = u - -442. What are the prime factors of k?
2, 79
What are the prime factors of (-26444)/6*((-333)/18 - -17)?
11, 601
Let c be -35 - -39 - (-1 - 0 - 15). Suppose 5*k = -c, t + k = 11 + 609. List the prime factors of t.
2, 3, 13
Suppose 28*f = 27*f + 294. Let d = f - 175. Suppose -d = -v - h, 518 - 136 = 3*v - 2*h. What are the prime factors of v?
2, 31
Let d(r) = r**2 + 10*r - 12. Let o be d(-9). Let a = o + 21. Suppose a = -5*g + 19 + 166. What are the prime factors of g?
37
Let o = -49641 + 91585. List the prime factors of o.
2, 7, 107
Suppose 4*x - 9 = 23. Let l = 113 + -81. Let r = l - x. List the prime factors of r.
2, 3
Let v = 10356 + 28720. What are the prime factors of v?
2, 9769
List the prime factors of (0 + (2 - 3))*(-29232 + -71).
29303
Suppose 15 = -4*v - v. Let h = 144 - 11. What are the prime factors of 36/24*h/v*-2?
7, 19
Suppose 83*h + 3707 - 794863 = 0. What are the prime factors of h?
2, 2383
Let j(n) = 688*n**3 - 9*n**2 + 54*n - 78. What are the prime factors of j(2)?
2, 2749
Let b = -36 + 14. Let q(g) = 6*g**2 - 6*g + 6. Let l be q(3). Let j = b + l. What are the prime factors of j?
2, 5
Suppose -3*t - 4*i = -8869, 73*i - 72*i + 11800 = 4*t. What are the prime factors of t?
13, 227
Let q(f) = 3*f**2 - 49*f + 1024. What are the prime factors of q(44)?
2, 7, 167
Let r = -5655 - -14239. What are the prime factors of r?
2, 29, 37
Suppose 21*p = -15 + 57. Suppose -p*q + 846 = -566. What are the prime factors of q?
2, 353
Suppose -24*l + 35176 = -22*l. What are the prime factors of l?
2, 4397
Let q be ((-14)/14)/(2/(-4)). Let i be (q/5)/(13/195). Suppose 4*r - i = 566. List the prime factors of r.
11, 13
Let d(k) = 3*k**2 + 82*k - 3930. What are the prime factors of d(90)?
2, 3, 5, 37
Let b = 2608 - -72961. What are the prime factors of b?
13, 5813
Suppose -21*c - t - 3219 = -22*c, -5*c = 5*t - 16025. What are the prime factors of c?
2, 11, 73
Suppose -1919*r + 1536236 = -1867*r. List the prime factors of r.
31, 953
Suppose 4280*z + 5666 = 4282*z. List the prime factors of z.
2833
Let g(n) = 312*n + 40. Let l be (1 - 2)/(2/(-4)). What are the prime factors of g(l)?
2, 83
Let n(t) = -1650*t - 704. List the prime factors of n(-18).
2, 11, 659
Suppose -4*k = 4*b + 417 + 391, 2*k + 389 = 3*b. Let m be 0 - 6*(-1)/2 - k. Let a = m + -115. What are the prime factors of a?
3, 29
Suppose 0*q = 3*q + 3. Let y(n) = 13*n**2 + 30*n**2 + n + 36*n**2 - 142 + 144. List the prime factors of y(q).
2, 5
Let u = 42 - 23. Suppose 3*w + 5*a = u, 4 = -2*w + 5*a - 0. Suppose -w*z + z = -66. What are the prime factors of z?
3, 11
Let w(o) = 143*o + 6. Suppose 227*z = 206*z + 147. List the prime factors of w(z).
19, 53
What are the prime factors of (7737/2)/(13/((-208)/(-6)))?
2, 2579
Let i be (-204)/9 - (-3)/(-9). Let y = -59 - i. What are the prime factors of (y/(-7))/((-312)/63 - -5)?
2, 3
Let j = 35 - 31. Suppose -2*t - 6 = j*t. Let v = 14 + t. What are the prime factors of v?
13
Let z(a) = 2*a**2 - 31*a - 18. Let u(k) = 3*k**2 - 29*k - 19. Let d(x) = 3*u(x) - 2*z(x). List the prime factors of d(12).
3, 7, 19
Let c be 38/8 + (-5)/(-20). Suppose s - c = -2. Suppose 2*u = 3*u - s*l - 24, -68 = -3*u + 5*l. What are the prime factors of u?
3, 7
Let i = 17 - 33. Let v = -12 - i. Suppose -2*h + 2*c = -114, -2*h - 170 = -5*h + v*c. List the prime factors of h.
2, 29
Let u(t) be the first derivative of 38*t - 29/3*t**3 - 1/4*t**4 - 35/2*t**2 + 10. List the prime factors of u(-28).
2, 3, 13
Suppose -2*r + 167840 = -j, -5*j = 181*r - 183*r + 167848. List the prime factors of r.
3, 11, 2543
L